 7, 17189
What are the prime factors of 6404288?
2, 11, 827
List the prime factors of 365720.
2, 5, 41, 223
List the prime factors of 7919557.
7919557
What are the prime factors of 3638198?
2, 677, 2687
List the prime factors of 12197504.
2, 11, 8663
List the prime factors of 4613186.
2, 61, 37813
List the prime factors of 517075.
5, 13, 37, 43
What are the prime factors of 5310486?
2, 3, 31, 307
What are the prime factors of 132732?
2, 3, 1229
List the prime factors of 1546030.
2, 5, 19, 79, 103
List the prime factors of 586894.
2, 7, 11, 37, 103
List the prime factors of 6884408.
2, 167, 5153
What are the prime factors of 2074504?
2, 257, 1009
What are the prime factors of 569126?
2, 17, 19, 881
List the prime factors of 131626.
2, 11, 31, 193
What are the prime factors of 769475?
5, 7, 4397
List the prime factors of 778403.
778403
List the prime factors of 20806.
2, 101, 103
What are the prime factors of 6567063?
3, 2189021
What are the prime factors of 15421?
7, 2203
What are the prime factors of 14360165?
5, 23, 193, 647
List the prime factors of 884798.
2, 442399
What are the prime factors of 6347543?
173, 36691
List the prime factors of 327874.
2, 29, 5653
List the prime factors of 1332612.
2, 3, 457
List the prime factors of 275239.
29, 9491
List the prime factors of 17043548.
2, 101, 42187
List the prime factors of 273879.
3, 30431
List the prime factors of 5108893.
31, 97, 1699
What are the prime factors of 9241313?
9241313
List the prime factors of 251527.
251527
List the prime factors of 165124.
2, 41281
List the prime factors of 1746203.
1746203
List the prime factors of 1086854.
2, 543427
List the prime factors of 564111.
3, 17, 1229
List the prime factors of 2337073.
2337073
List the prime factors of 18224209.
29, 53, 71, 167
List the prime factors of 120812.
2, 30203
What are the prime factors of 1089995?
5, 277, 787
What are the prime factors of 18867?
3, 19, 331
What are the prime factors of 5025587?
7, 102563
List the prime factors of 1342134.
2, 3, 173, 431
List the prime factors of 3455499.
3, 71, 16223
List the prime factors of 899700.
2, 3, 5, 2999
List the prime factors of 100549.
100549
What are the prime factors of 78257?
139, 563
List the prime factors of 19433747.
359, 54133
List the prime factors of 24396415.
5, 449, 10867
What are the prime factors of 6810076?
2, 7, 13, 53, 353
What are the prime factors of 414674?
2, 13, 41, 389
List the prime factors of 1196871.
3, 13, 30689
List the prime factors of 551051.
643, 857
What are the prime factors of 247805?
5, 29, 1709
List the prime factors of 17237194.
2, 13, 29, 22861
List the prime factors of 193649.
193649
List the prime factors of 5219497.
181, 28837
List the prime factors of 111299.
17, 6547
What are the prime factors of 284897?
284897
What are the prime factors of 899130?
2, 3, 5, 17, 41, 43
What are the prime factors of 10227470?
2, 5, 11, 109, 853
What are the prime factors of 5568895?
5, 163, 6833
List the prime factors of 10751122.
2, 503, 10687
What are the prime factors of 4036741?
227, 17783
What are the prime factors of 130467?
3, 157, 277
What are the prime factors of 14685639?
3, 4895213
List the prime factors of 13538222.
2, 17, 19, 1103
What are the prime factors of 15725820?
2, 3, 5, 11, 23827
What are the prime factors of 1128376?
2, 47, 3001
List the prime factors of 78191.
78191
What are the prime factors of 7530039?
3, 11, 23, 3307
List the prime factors of 341850.
2, 3, 5, 43, 53
What are the prime factors of 910814?
2, 455407
What are the prime factors of 9915429?
3, 83, 39821
What are the prime factors of 22834614?
2, 3, 11, 345979
What are the prime factors of 348115?
5, 69623
What are the prime factors of 29645046?
2, 3, 1646947
What are the prime factors of 1459251?
3, 29, 5591
What are the prime factors of 12912707?
17, 759571
List the prime factors of 2200874.
2, 13, 84649
What are the prime factors of 248929?
23, 79, 137
What are the prime factors of 3300584?
2, 7, 17, 3467
List the prime factors of 5052934.
2, 2526467
List the prime factors of 102152.
2, 113
What are the prime factors of 3951397?
61, 211, 307
What are the prime factors of 1988694?
2, 3, 17, 67, 97
What are the prime factors of 21801466?
2, 10900733
List the prime factors of 353367.
3, 7, 71, 79
List the prime factors of 22412033.
7, 3201719
What are the prime factors of 10275355?
5, 2055071
List the prime factors of 13711068.
2, 3, 7, 54409
What are the prime factors of 6658693?
193, 34501
What are the prime factors of 4905326?
2, 2452663
List the prime factors of 497320.
2, 5, 12433
List the prime factors of 901730.
2, 5, 90173
What are the prime factors of 333544?
2, 173, 241
What are the prime factors of 5903422?
2, 7, 59, 1021
List the prime factors of 7198893.
3, 13, 4733
What are the prime factors of 4554094?
2, 2277047
List the prime factors of 6464666.
2, 13, 248641
What are the prime factors of 10836262?
2, 691, 7841
What are the prime factors of 1202284?
2, 41, 7331
What are the prime factors of 850208?
2, 163
List the prime factors of 136437.
3, 7, 73, 89
List the prime factors of 39954273.
3, 13318091
List the prime factors of 55018.
2, 27509
What are the prime factors of 14932762?
2, 13, 31, 97, 191
What are the prime factors of 1985921?
7, 40529
What are the prime factors of 14931418?
2, 197, 37897
What are the prime factors of 540995?
5, 7, 13, 29, 41
List the prime factors of 8647046.
2, 29, 149087
List the prime factors of 2089366.
2, 23, 53, 857
List the prime factors of 11117.
11117
List the prime factors of 5020240.
2, 5, 62753
What are the prime factors of 96778?
2, 11, 53, 83
List the prime factors of 2508041.
2508041
List the prime factors of 2241821.
89, 25189
List the prime factors of 375506.
2, 191, 983
What are the prime factors of 2124052?
2, 7, 10837
What are the prime factors of 6925597?
7, 41, 59, 409
List the prime factors of 10450139.
7, 59, 25303
List the prime factors of 29137815.
3, 5, 7, 233, 397
List the prime factors of 3551164.
2, 17, 52223
What are the prime factors of 27775?
5, 11, 101
List the prime factors of 138647.
138647
What are the prime factors of 136056?
2, 3, 5669
List the prime factors of 13293876.
2, 3, 1107823
List the prime factors of 1414337.
79, 17903
What are the prime factors of 2453853?
3, 817951
List the prime factors of 48693.
3, 16231
List the prime factors of 1879929.
3, 23209
What are the prime factors of 394856?
2, 7, 11, 641
List the prime factors of 8589319.
8589319
List the prime factors of 35061.
3, 13, 29, 31
List the prime factors of 704853.
3, 78317
What are the prime factors of 179004?
2, 3, 7, 2131
List the prime factors of 12535228.
2, 1493, 2099
What are the prime factors of 778273?
29, 47, 571
What are the prime factors of 3838164?
2, 3, 11, 29077
List the prime factors of 184907.
179, 1033
List the prime factors of 11164848.
2, 3, 163, 1427
List the prime factors of 801707.
801707
What are the prime factors of 214691?
214691
What are the prime factors of 12597990?
2, 3, 5, 419933
List the prime factors of 1997444.
2, 499361
List the prime factors of 255107.
255107
What are the prime factors of 8080749?
3, 299287
What are the prime factors of 491853?
3, 19, 8629
List the prime factors of 4503458.
2, 2251729
What are the prime factors of 790819?
790819
List the prime factors of 1417960.
2, 5, 35449
What are the prime factors of 4535673?
3, 1511891
List the prime factors of 526615.
5, 105323
List the prime factors of 4244958.
2, 3, 113, 2087
What are the prime factors of 472697?
472697
List the prime factors of 793108.
2, 198277
What are the prime factors of 236124?
2, 3, 7, 937
List the prime factors of 1126981.
17, 66293
List the prime factors of 2490371.
13, 23, 8329
What are the prime factors of 2211490?
2, 5, 37, 43, 139
List the prime factors of 381746.
2, 163, 1171
List the prime factors of 4399255.
5, 7, 125693
List the prime factors of 18650991.
3, 67, 92791
List the prime factors of 486922.
2, 243461
What are the prime factors of 19506496?
2, 304789
What are the prime factors of 2014433?
1021, 1973
What are the prime factors of 3372574?
2, 1686287
What are the prime factors of 14139664?
2, 7, 11, 23, 499
List the prime factors of 57977.
57977
What are the prime factors of 2